Let t = -67 - -147. Suppose -4*u = u - t. Suppose 0*o - 4*o + u = 0. What are the prime factors of o?
2
Let k be -1*(1 - 0) - -7. Suppose a = 3*w + k, -3*a = 2*a - 3*w - 30. List the prime factors of a.
2, 3
Let z be 28/6*33/11. Let h = z + 16. List the prime factors of h.
2, 3, 5
Suppose -4*j - 31 = -b, -3*j + 5*b - 1 - 1 = 0. Let l = 46 + j. List the prime factors of l.
37
Let t be 20/(-4)*(-7 - 3). Let u = t + -29. List the prime factors of u.
3, 7
Suppose -f = -69 + 18. What are the prime factors of f?
3, 17
Let q(n) = -n - 5. Let y be q(-7). Suppose 2*i + 66 = y*o, -2*i - i = 6. What are the prime factors of o?
31
Suppose -2*q + 176 = 2*q. Suppose -4*h = -q + 4. List the prime factors of h.
2, 5
Let k(s) = 7*s**2 - 19*s - 4. Let r(o) = -10*o**2 + 28*o + 6. Let l(g) = 7*k(g) + 5*r(g). List the prime factors of l(5).
2, 3
What are the prime factors of 24/(1 + (-3)/5)?
2, 3, 5
Suppose 4*d + 375 = 9*d. What are the prime factors of d?
3, 5
Suppose 9*t = 14*t - 1220. Suppose 2*d = -5*p + t, -5*p = 2*d - 4*d - 256. What are the prime factors of p?
2, 5
Let g(c) = 2*c**3 - 3*c**2 + 5*c - 5. What are the prime factors of g(2)?
3
Let b be (8 + 5)/((-2)/12). What are the prime factors of b/(-4)*(-4)/(-6)?
13
Let j(x) = -x**3 + 3*x**2 + x. Suppose -l + 3*l = -d, 0 = 3*l + 3*d - 3. Let i = l + 4. What are the prime factors of j(i)?
3
Let l(f) = 3*f - 11. Let y be -5*(-1 - (-3)/15). Let m(z) = 4*z - 11. Let a(r) = y*m(r) - 5*l(r). List the prime factors of a(-5).
2, 3
Let b(v) = 4*v + 3. Let d be b(-2). Suppose -2*t + 0*t + 24 = 0. Let c = t + d. What are the prime factors of c?
7
Suppose 0 = -n + 30 - 12. List the prime factors of n.
2, 3
Let n(a) = 12*a**3 - a**2. Suppose -5*l + 11 = -29. Let s be (-10)/(-8) - l/32. List the prime factors of n(s).
11
Let g(c) = -c**2 - c + 17. Let t be g(0). Suppose -2*a + 47 = t. List the prime factors of 1*(-3)/((-9)/a).
5
List the prime factors of -44*(-2 - 12/(-8)).
2, 11
Let j be (3 - 1)/(0 - -1). Suppose 2*p + 30 = b - 10, j*b = 5*p + 75. What are the prime factors of b?
2, 5
Let t = -54 + 79. Let d = t - 14. What are the prime factors of d?
11
Let i = 54 - 29. Let b = i + -18. Suppose -4*u + b*u = 6. What are the prime factors of u?
2
Let d = -87 - -155. What are the prime factors of d?
2, 17
Suppose 4*b = -l + 16 - 2, 5*b = -5*l + 25. List the prime factors of b.
3
Let h(m) = m**2 - 10*m + 8. Let o be h(9). List the prime factors of o/(2/(3 - 17)).
7
Suppose 3*z + 1 = 2*a - 1, 0 = -5*a + 20. What are the prime factors of z/(-1) - (-42 + -2)?
2, 3, 7
Suppose -4*l = 3*j - 2*j, 2 = -2*l. Let f(y) = 2 + y**2 - y + 0*y**2 - 2*y. List the prime factors of f(j).
2, 3
Suppose 2*g - g = 3. Suppose -2*j + g = -j. Suppose j*f - 14 = -4*c + 3*c, -3*c = f - 50. List the prime factors of c.
17
Suppose -2 = -2*l + 2. Suppose d + l*j - j - 17 = 0, 2*j - 47 = -3*d. List the prime factors of d.
13
Let c(u) = u - 8. Let x be c(4). Let r = x - -4. List the prime factors of 1*(r + 6/2).
3
Suppose -5*v + 390 = -135. What are the prime factors of v?
3, 5, 7
List the prime factors of -3 + (-1)/((-3)/(-273)*-1).
2, 11
Suppose -3*p + 25 = 7. Let h = p - 4. List the prime factors of -1 - 1 - h*-4.
2, 3
Suppose -21 + 6 = -5*d. Let r(a) = -9*a**3 + 2*a + 1. Let c be r(-1). Suppose -c - 10 = -d*k. List the prime factors of k.
2, 3
Let m(w) = w**3 - 8*w**2 - w + 11. Let l be m(8). Suppose -5*h = -4*n + 3*n - 43, 0 = -2*h + l*n + 12. List the prime factors of h.
3
Suppose -4*i - 51 = -5*r, -2*i - 9 = 3*r - 4*r. Let u = -7 + r. What are the prime factors of u?
2
Suppose -45 = 10*a - 15*a. List the prime factors of a.
3
Suppose 0*l = -3*v + l - 32, 5*l = 2*v + 43. List the prime factors of (13/(-3))/(3/v).
13
Suppose -6 - 6 = -4*m. Suppose 0*a + 78 = m*a. What are the prime factors of (a/10)/(2/10)?
13
Let v(o) = o**2 - 6. Let h(l) = -4*l**2 + l + 25. Let y(c) = 2*h(c) + 9*v(c). Let n be y(-4). Suppose -m = -8 - n. List the prime factors of m.
2, 3
Let p be (-10)/(-4) - 3/6. Suppose 0 = c - b + 2, -37 = -4*c - 7*b + p*b. Suppose 0 = -3*l + c*f + 30, -3 = f - 4*f. List the prime factors of l.
11
Let g be 3/(3/1) + 1. Let i(f) = 4*f**2 - f - 1. What are the prime factors of i(g)?
13
Suppose 0 = 7*c - 2*c + 10. List the prime factors of 3/(-1 - c) - -17.
2, 5
Let f = 5 + 61. List the prime factors of f.
2, 3, 11
What are the prime factors of (-1)/(-2)*(2 + 200)?
101
Let c = 4 + -5. Let m(j) = -2*j**2 - 6*j + 1. Let i(b) = -b - 1. Let o(r) = c*m(r) + i(r). What are the prime factors of o(-4)?
2, 5
Let k(u) = -u + 6. Let g be k(3). Suppose 5*f = g*n - 60, n - 4*n - 21 = 4*f. Let i = 22 + f. List the prime factors of i.
13
Let t be (-2 + -1)/(2/6). Let w(p) be the third derivative of -p**4/24 + 5*p**3/3 - 8*p**2. What are the prime factors of w(t)?
19
Let n be 3 - 2 - (-2)/(-2). Suppose 3*l = -n*l + 39. List the prime factors of l.
13
Let b(w) = -w**3 + 7*w**2 - 7*w + 4. Let a be b(6). List the prime factors of a/4 + (-175)/(-14).
2, 3
What are the prime factors of 1*(-3)/(9/(-786))?
2, 131
Let f(y) = y. Let m(q) = -10*q - 1. Let p(n) = 18*f(n) + 2*m(n). Let i be p(-5). Suppose 2*x - 4*r - i = 0, 4*x = -x - 4*r + 62. List the prime factors of x.
2, 5
Let b = 64 + 16. Let l = b + 14. Suppose -2*f - 8 = 0, -f = -5*v - 0*f + l. What are the prime factors of v?
2, 3
Suppose c = 4*k - 0 - 5, c - 2*k - 1 = 0. Suppose -m + 2*j = -17, 53 = 4*m - 4*j - j. Let w = c + m. List the prime factors of w.
2, 7
Let a = 71 - 41. Let s = a - -2. Let w = s - 11. List the prime factors of w.
3, 7
Let t(f) = -f**3 + 6*f**2 - 5*f + 2. Suppose 15 = 6*b - 3*b. Let i be t(b). Let w(z) = z**3 - 3*z + 1. What are the prime factors of w(i)?
3
Let c(g) = -g**3 + 9*g**2 - 7*g - 8. Let q be c(8). Suppose q = -5*u + 3*u + 16. What are the prime factors of (20/u)/(2/12)?
3, 5
Let u(f) = -32*f + 43. What are the prime factors of u(-7)?
3, 89
Let d(s) = -s**3 - 11*s**2 - s - 1. Let q be d(-11). List the prime factors of (-12)/q*15/(-2).
3
Let x(u) = -11*u + 4 + 3*u**2 + 6*u - 4*u**2. List the prime factors of x(-5).
2
Let y = 53 - 27. Suppose u + 5 = y. What are the prime factors of u?
3, 7
Suppose q = 53 + 12. Let u = -44 + q. What are the prime factors of u?
3, 7
Suppose -3*t - t - 32 = -y, -4*t + 208 = 4*y. What are the prime factors of y?
2, 3
Let u be -2*(-3 + 2) + 0. Suppose 0 = u*b + 2*b - 124. List the prime factors of b.
31
Let y be 2/(2 - 1) - 2. Suppose -j - 2*j + 2*z + 3 = y, -3*z = -4*j + 3. Suppose -6 = -j*k + 24. List the prime factors of k.
2, 5
Let p(i) = -6*i - 7. Let w be p(-5). Let r = -4 + w. What are the prime factors of r?
19
Suppose 310 = 4*q - 322. List the prime factors of q.
2, 79
Let s be 2/9 + (-11)/9. Suppose 5*n - 11 + 46 = 0. List the prime factors of 2/7*n/s.
2
What are the prime factors of (0 - (-1 - -1)) + 27?
3
Suppose r = -3*r - 140. What are the prime factors of 4/14 - 690/r?
2, 5
Suppose 3 = -y + 2. Let v be (60/(-9))/(y/6). Suppose -b = 4*b - v. What are the prime factors of b?
2
Let f(r) be the first derivative of -r**3/3 + r**2/2 + 19*r - 1. Let m be f(0). Suppose -p = -4*x - m, 5*x + 18 - 1 = -p. What are the prime factors of p?
3
Suppose 4*o = 6*o - 6, d - 3*o + 1 = 0. What are the prime factors of d?
2
Let q = -1 + 3. Suppose 4*w - 2*y + 6*y - 132 = 0, -4*y = -5*w + 156. Suppose q*h + 5*p = -7, -5*h - p + 8 + w = 0. What are the prime factors of h?
3
Suppose -4*f = -r + 8, 3*r - 5*f + 1 = -r. Let j = 18 - r. List the prime factors of j.
2, 11
Let a(h) = -h**3 + 4*h**2 + 5*h + 4. Let y be a(5). Suppose -5*q + y = -5*b - 6, 2*b = 4*q - 14. What are the prime factors of b?
3
Let h = -20 + 28. Let d = h - 4. What are the prime factors of d?
2
Let k(l) = l + 5. Let r be k(-5). Let t = 2 + r. Suppose t*i + 0*i - 12 = 0. List the prime factors of i.
2, 3
Let b = 43 - 26. List the prime factors of b.
17
Let c(y) = -y + y**3 + 0*y - 3*y**2 + 12 + 4*y**2. Let b(r) = r**2 + 2*r + 1. Let p be b(-1). List the prime factors of c(p).
2, 3
Let j(q) be the third derivative of q**4/24 - q**3/3 + q**2. What are the prime factors of j(5)?
3
Let s(l) = -3*l**2 - 3*l - 6. Let m be s(4). List the prime factors of 2/(-3)*m/4.
11
Let w be (-9540)/(-165) - (-2)/11. List the prime factors of (w/(-4))/((-8)/16).
29
Let a(p) = -2*p**3 - 2*p**2 + 2*p - 2. Let x b